{"id":55,"date":"2015-10-01T00:30:43","date_gmt":"2015-09-30T21:30:43","guid":{"rendered":"http:\/\/alejandro.nautti.fi\/?page_id=55"},"modified":"2015-10-01T11:33:43","modified_gmt":"2015-10-01T08:33:43","slug":"voitot-ja-haviot","status":"publish","type":"page","link":"https:\/\/alejandro.nautti.fi\/index.php\/voitot-ja-haviot\/","title":{"rendered":"Voitot ja h\u00e4vi\u00f6t"},"content":{"rendered":"<p>Ostaessasi arvan pelin alussa arvotaan taustalla valmiiksi lukum\u00e4\u00e4r\u00e4t monennellako kaivuulla arkut l\u00f6ytyv\u00e4t ja mit\u00e4 n\u00e4ist\u00e4 arkuista l\u00f6ytyy. Kaivoitpa mihin suuntaan tahansa, suoraan tai mutkitellen, arkut l\u00f6ytyv\u00e4t ja pelikerta etenee loppua kohden. Kukin arkku avataan heti sen l\u00f6yt\u00f6hetkell\u00e4. Pelaajalle kerrotaan arkun sis\u00e4lt\u00f6, joka on joko voittava tai ei. Arkusta l\u00f6ytyv\u00e4 esine tai asia mukailee arvoa. Rahavoitoissa esineet ja asiat voivat olla kultahippuja, kolikoita tai kultaharkkoja. Mik\u00e4li arkusta ei tule voittoa, niin l\u00f6ydetyt esineet ja asiat voivat olla rikkin\u00e4isi\u00e4 \u00e4mp\u00e4reit\u00e4, p\u00e4\u00e4kalloja, luita, sandaaleja yms. Arkkujen sis\u00e4lt\u00f6 on arvottu aina etuk\u00e4teen eik\u00e4 peliss\u00e4 teht\u00e4v\u00e4t valinnat vaikuta mahdollisiin voittoihin mill\u00e4\u00e4n tavalla.<\/p>\n<p><a href=\"http:\/\/alejandro.nautti.fi\/wp-content\/uploads\/2015\/10\/havio.jpg\"><img loading=\"lazy\" decoding=\"async\" class=\"wp-image-58 size-medium alignnone\" src=\"http:\/\/alejandro.nautti.fi\/wp-content\/uploads\/2015\/10\/havio-300x256.jpg\" alt=\"havio\" width=\"300\" height=\"256\" srcset=\"https:\/\/alejandro.nautti.fi\/wp-content\/uploads\/2015\/10\/havio-300x256.jpg 300w, https:\/\/alejandro.nautti.fi\/wp-content\/uploads\/2015\/10\/havio.jpg 861w\" sizes=\"auto, (max-width: 300px) 100vw, 300px\" \/><\/a>\u00a0 \u00a0\u00a0<a href=\"http:\/\/alejandro.nautti.fi\/wp-content\/uploads\/2015\/10\/voitto.jpg\"><img loading=\"lazy\" decoding=\"async\" class=\"size-medium wp-image-60 alignnone\" src=\"http:\/\/alejandro.nautti.fi\/wp-content\/uploads\/2015\/10\/voitto-300x256.jpg\" alt=\"voitto\" width=\"300\" height=\"256\" srcset=\"https:\/\/alejandro.nautti.fi\/wp-content\/uploads\/2015\/10\/voitto-300x256.jpg 300w, https:\/\/alejandro.nautti.fi\/wp-content\/uploads\/2015\/10\/voitto.jpg 861w\" sizes=\"auto, (max-width: 300px) 100vw, 300px\" \/><\/a><\/p>\n<p>Karttan\u00e4kym\u00e4ss\u00e4 kaivauksissa voisi n\u00e4ky\u00e4 muiden pelaajien saamia voittoja. Esimerkiksi Vesiputouksen kohdalla ilotulitteet ja viesti: &#8220;Kaivaja Tampereelta l\u00f6ysi juuri 500 euroa.&#8221;<\/p>\n<p>Arkkuihin voisi my\u00f6s piilottaa mega-jackpotin tai progressiivisen jackpotin, jonka l\u00f6yt\u00e4minen olisi \u00e4\u00e4rimm\u00e4isen harvinaista. Tuolloin arkusta l\u00f6ytyv\u00e4n\u00e4 esineen\u00e4 voisi toimia esim. jalokivin koristeltu p\u00e4\u00e4kallo tai Eldoradon kultainen\u00a0mies.<\/p>\n<p>Kaikkien voittojen ei my\u00f6sk\u00e4\u00e4n tarvitse olla v\u00e4ltt\u00e4m\u00e4tt\u00e4 rahallisia palkintoja. Peli mahdollistaa my\u00f6s muiden ker\u00e4tt\u00e4vien asioiden hy\u00f6dynt\u00e4misen ja\u00a0tavoittelun, jotka lis\u00e4\u00e4v\u00e4t\u00a0mielenkiintoa pelata ja antavat syyt\u00e4 pelata lis\u00e4\u00e4. N\u00e4ihin lukeutuu\u00a0esimerkiksi pelaajan profiiliin tai alkuruudussa esitett\u00e4v\u00e4\u00a0tieto kuinka syv\u00e4lle tai kuinka monta ruutua pelaaja\u00a0on kaivanut t\u00e4h\u00e4n menness\u00e4. T\u00e4h\u00e4n tietoon voidaan linkitt\u00e4\u00e4 my\u00f6s\u00a0erin\u00e4isi\u00e4 saavutuksia, tasoja tai titteleit\u00e4 Alejandrolle avattavaksi kuten mestarikaivuri, maansiirtokone tai myyr\u00e4. Arkuista l\u00f6ytyv\u00e4t asiat tai esineet voitaisiin my\u00f6s tallentaa pelaajan profiiliin. N\u00e4it\u00e4 l\u00f6ydettyj\u00e4 esineit\u00e4 voisi esimerkiksi l\u00e4hett\u00e4\u00e4 yst\u00e4ville tai asettaa alkuruudussa\u00a0Alejandron k\u00e4ytt\u00f6\u00f6n.<\/p>\n<p>&nbsp;<\/p>\n<p><img loading=\"lazy\" decoding=\"async\" class=\"aligncenter wp-image-49\" src=\"http:\/\/alejandro.nautti.fi\/wp-content\/uploads\/2015\/10\/kamaa.jpg\" alt=\"kamaa\" width=\"440\" height=\"197\" srcset=\"https:\/\/alejandro.nautti.fi\/wp-content\/uploads\/2015\/10\/kamaa.jpg 749w, https:\/\/alejandro.nautti.fi\/wp-content\/uploads\/2015\/10\/kamaa-300x134.jpg 300w\" sizes=\"auto, (max-width: 440px) 100vw, 440px\" \/><\/p>\n","protected":false},"excerpt":{"rendered":"<p>Ostaessasi arvan pelin alussa arvotaan taustalla valmiiksi lukum\u00e4\u00e4r\u00e4t monennellako kaivuulla arkut l\u00f6ytyv\u00e4t ja mit\u00e4 n\u00e4ist\u00e4 arkuista l\u00f6ytyy. Kaivoitpa mihin suuntaan tahansa, suoraan tai mutkitellen, arkut l\u00f6ytyv\u00e4t ja pelikerta etenee loppua kohden. Kukin arkku avataan heti sen l\u00f6yt\u00f6hetkell\u00e4. Pelaajalle kerrotaan arkun sis\u00e4lt\u00f6, joka on joko voittava tai ei. Arkusta l\u00f6ytyv\u00e4 esine tai asia mukailee arvoa. Rahavoitoissa [&hellip;]<\/p>\n","protected":false},"author":1,"featured_media":0,"parent":0,"menu_order":4,"comment_status":"closed","ping_status":"closed","template":"template-fullwidth.php","meta":{"footnotes":""},"class_list":["post-55","page","type-page","status-publish","hentry"],"_links":{"self":[{"href":"https:\/\/alejandro.nautti.fi\/index.php\/wp-json\/wp\/v2\/pages\/55","targetHints":{"allow":["GET"]}}],"collection":[{"href":"https:\/\/alejandro.nautti.fi\/index.php\/wp-json\/wp\/v2\/pages"}],"about":[{"href":"https:\/\/alejandro.nautti.fi\/index.php\/wp-json\/wp\/v2\/types\/page"}],"author":[{"embeddable":true,"href":"https:\/\/alejandro.nautti.fi\/index.php\/wp-json\/wp\/v2\/users\/1"}],"replies":[{"embeddable":true,"href":"https:\/\/alejandro.nautti.fi\/index.php\/wp-json\/wp\/v2\/comments?post=55"}],"version-history":[{"count":16,"href":"https:\/\/alejandro.nautti.fi\/index.php\/wp-json\/wp\/v2\/pages\/55\/revisions"}],"predecessor-version":[{"id":85,"href":"https:\/\/alejandro.nautti.fi\/index.php\/wp-json\/wp\/v2\/pages\/55\/revisions\/85"}],"wp:attachment":[{"href":"https:\/\/alejandro.nautti.fi\/index.php\/wp-json\/wp\/v2\/media?parent=55"}],"curies":[{"name":"wp","href":"https:\/\/api.w.org\/{rel}","templated":true}]}}