{"id":17,"date":"2015-09-30T22:17:42","date_gmt":"2015-09-30T19:17:42","guid":{"rendered":"http:\/\/alejandro.nautti.fi\/?page_id=17"},"modified":"2015-10-01T01:44:58","modified_gmt":"2015-09-30T22:44:58","slug":"toiminta","status":"publish","type":"page","link":"https:\/\/alejandro.nautti.fi\/index.php\/toiminta\/","title":{"rendered":"Toiminta"},"content":{"rendered":"<p>Ostaessasi arvan saat teht\u00e4v\u00e4ksesi l\u00f6yt\u00e4\u00e4 kolme arkkua. Ensiksi valitset mist\u00e4 kaivauksesta haluat l\u00e4hte\u00e4 kaivamaan. Ajatuksena on my\u00f6s mahdollistaa esim. viiden lempikaivoksen tallentaminen, joista voi halutessaan jatkaa kaivamista my\u00f6hemmin uudestaan. T\u00e4ll\u00e4 tavalla on voi pelaaja\u00a0kaivautua aina vain syvemm\u00e4lle ja syvemm\u00e4lle.<\/p>\n<p><a href=\"http:\/\/alejandro.nautti.fi\/wp-content\/uploads\/2015\/09\/kuva.jpg\"><img loading=\"lazy\" decoding=\"async\" class=\"aligncenter size-full wp-image-62\" src=\"http:\/\/alejandro.nautti.fi\/wp-content\/uploads\/2015\/09\/kuva.jpg\" alt=\"kuva\" width=\"996\" height=\"530\" srcset=\"https:\/\/alejandro.nautti.fi\/wp-content\/uploads\/2015\/09\/kuva.jpg 996w, https:\/\/alejandro.nautti.fi\/wp-content\/uploads\/2015\/09\/kuva-300x160.jpg 300w\" sizes=\"auto, (max-width: 996px) 100vw, 996px\" \/><\/a><\/p>\n<p>Kun kaivos on valittu, kartta ladataan ja Alejandro asetetaan alkutilaan. Pelaaja saa itse valita, mille kohdalle hahmo laskeutuu. N\u00e4in pystyy my\u00f6hemmin aloittamaan sivummasta ja kaivamaan uusia reittej\u00e4. N\u00e4kym\u00e4ss\u00e4 voi k\u00e4vell\u00e4 vasemmalle ja oikealle, mutta n\u00e4kym\u00e4\u00e4 ei saa rullattua eteenp\u00e4in sivusuunnassa. Pelaaminen tapahtuu joko hiirell\u00e4, nuolin\u00e4pp\u00e4imill\u00e4 tai kosketusn\u00e4yt\u00f6ll\u00e4 kohtaa osoittamalla. Demossa ohjaaminen tapahtuu hiirell\u00e4. Suunta on alasp\u00e4in ja saat kaivaa niin kauan, kunnes kolme arkkua on l\u00f6ydetty.<\/p>\n<p>Kaivaessa vastaan saattaa tulla erin\u00e4isi\u00e4 elementtej\u00e4, asioita ja kohtia, joista ei ole mahdollista kaivaa l\u00e4pi vaan ne t\u00e4ytyy kiert\u00e4\u00e4. Peli etenee ohjatusti ja arkut l\u00f6ytyv\u00e4t tietyn ajan kuluttua. Eli jo pelin alussa tiedet\u00e4\u00e4n kuinka monennella kaivautumisella (eli yhden maalaataan poisto) pelaaja saa mink\u00e4kin arkun ja mit\u00e4 arkkujen sis\u00e4ll\u00e4 on. Arkkujen sijainti siis tulee juuri sinne minne pelaaja kaivaa.<\/p>\n<p>T\u00e4ss\u00e4 on mukana sattumanvaraisia tekij\u00f6it\u00e4, jotta pelikokemus pysyy mielenkiintoisena ja erilaisena. N\u00e4in pelaaja ei voi tiet\u00e4\u00e4 etuk\u00e4teen monennellako kaivuulla arkku l\u00f6ytyy. Kun louhitaan kohta, mink\u00e4 sis\u00e4ll\u00e4 arkku on, hahmo siirtyy tai putoaa suoraan arkun kohdalle ja arkun avaamisen animaatio k\u00e4ynnistyy. T\u00e4ss\u00e4 luodaan viel\u00e4 lis\u00e4\u00e4 j\u00e4nnityst\u00e4 niin visuaalisin kuin \u00e4\u00e4niefektienkin avulla.<\/p>\n<p>Pelaajalle paljastetaan arkun sis\u00e4lt\u00f6, joka voi olla tietyn rahasumman voittava tai useimmissa tapauksissa &#8220;ei voittoa&#8221; viesti kera\u00a0kosmeettisen esineen, jolla ei varsinaisesti voi tehd\u00e4 mit\u00e4\u00e4n. T\u00e4m\u00e4n j\u00e4lkeen k\u00e4ytt\u00e4j\u00e4lle tarjotaan mahdollisuus ostaa uusi arpa ja jatkaa kaivamista tai palata alkuruutuun.<\/p>\n<p>Vaikka kyse on vain tietynlaisesta arvan raaputtamisesta, jonka tulos on jo peli\u00e4 aloittaessa p\u00e4\u00e4tetty, saa pelaaja toteuttaa itse\u00e4\u00e4n ja p\u00e4\u00e4tt\u00e4\u00e4 mist\u00e4 haluaa kaivaa &#8211; ja arkut l\u00f6ytyv\u00e4t juuri sielt\u00e4.\u00a0Sen sijaan ett\u00e4 pelaajan t\u00e4ytyisi klikata kymment\u00e4 ennaltam\u00e4\u00e4r\u00e4tty\u00e4 &#8220;raaputusta&#8221;, nyt h\u00e4nelle annetaan valtava raaputuspinta jossa voi vapaasti k\u00e4yt\u00e4\u00e4 omaa luovuuttaan.<\/p>\n","protected":false},"excerpt":{"rendered":"<p>Ostaessasi arvan saat teht\u00e4v\u00e4ksesi l\u00f6yt\u00e4\u00e4 kolme arkkua. Ensiksi valitset mist\u00e4 kaivauksesta haluat l\u00e4hte\u00e4 kaivamaan. Ajatuksena on my\u00f6s mahdollistaa esim. viiden lempikaivoksen tallentaminen, joista voi halutessaan jatkaa kaivamista my\u00f6hemmin uudestaan. T\u00e4ll\u00e4 tavalla on voi pelaaja\u00a0kaivautua aina vain syvemm\u00e4lle ja syvemm\u00e4lle. Kun kaivos on valittu, kartta ladataan ja Alejandro asetetaan alkutilaan. Pelaaja saa itse valita, mille kohdalle [&hellip;]<\/p>\n","protected":false},"author":1,"featured_media":0,"parent":0,"menu_order":3,"comment_status":"closed","ping_status":"closed","template":"template-fullwidth.php","meta":{"footnotes":""},"class_list":["post-17","page","type-page","status-publish","hentry"],"_links":{"self":[{"href":"https:\/\/alejandro.nautti.fi\/index.php\/wp-json\/wp\/v2\/pages\/17","targetHints":{"allow":["GET"]}}],"collection":[{"href":"https:\/\/alejandro.nautti.fi\/index.php\/wp-json\/wp\/v2\/pages"}],"about":[{"href":"https:\/\/alejandro.nautti.fi\/index.php\/wp-json\/wp\/v2\/types\/page"}],"author":[{"embeddable":true,"href":"https:\/\/alejandro.nautti.fi\/index.php\/wp-json\/wp\/v2\/users\/1"}],"replies":[{"embeddable":true,"href":"https:\/\/alejandro.nautti.fi\/index.php\/wp-json\/wp\/v2\/comments?post=17"}],"version-history":[{"count":6,"href":"https:\/\/alejandro.nautti.fi\/index.php\/wp-json\/wp\/v2\/pages\/17\/revisions"}],"predecessor-version":[{"id":73,"href":"https:\/\/alejandro.nautti.fi\/index.php\/wp-json\/wp\/v2\/pages\/17\/revisions\/73"}],"wp:attachment":[{"href":"https:\/\/alejandro.nautti.fi\/index.php\/wp-json\/wp\/v2\/media?parent=17"}],"curies":[{"name":"wp","href":"https:\/\/api.w.org\/{rel}","templated":true}]}}