{"id":10,"date":"2015-09-30T21:44:44","date_gmt":"2015-09-30T18:44:44","guid":{"rendered":"http:\/\/alejandro.nautti.fi\/?page_id=10"},"modified":"2015-10-01T01:17:33","modified_gmt":"2015-09-30T22:17:33","slug":"pelin-teema","status":"publish","type":"page","link":"https:\/\/alejandro.nautti.fi\/index.php\/pelin-teema\/","title":{"rendered":"Teema"},"content":{"rendered":"<p>J\u00e4nnitt\u00e4v\u00e4 minipeli, jossa lunastaessasi arvan ohjaat leppoista, mutta eritt\u00e4in ahkeraa yst\u00e4v\u00e4\u00e4 nimelt\u00e4 Alejandro. Alejandro on oikea velho hakun kanssa ja kykenee kaivamaan v\u00e4sym\u00e4tt\u00e4 l\u00e4pi vaikka harmaan kiven. Teht\u00e4v\u00e4si on kaivaa esiin 3 aarrearkkua valitsemaltasi kaivaukselta. Kartalta l\u00f6ytyy viisi eri valtausta, joilla voit kaivauksia suorittaa.<\/p>\n<p>Villeimm\u00e4t huhut kertovat, ett\u00e4 kaivaukset saattaisivat sijaita legendaarisen Eldoradon kultaisen kaupungin mailla. Eldoradoa ja sen aarteita on etsitty vuosisatojen ajan. Syv\u00e4t louhokset ja loputtomat tunnelit ovat vaatineet veronsa ja j\u00e4tt\u00e4neet j\u00e4lkeens\u00e4 mainarien j\u00e4\u00e4mist\u00f6\u00e4 tai arvotavaraa. Tartu hakkuun ja l\u00e4hde seikkailuun Alejandron kanssa kohti lukuisia aarteita.<\/p>\n<p>Kaivoitpa sitten hiekkalaatikkolla tai nen\u00e4\u00e4si, niin yh\u00e4 syvemm\u00e4lle kaivautuminen on aina kiehtonut pelaajia. Alejandron aarre tarjoaa aivan uudenlaisen el\u00e4myksen maksullisissa arvoissa. Et tarvitse \u00e4lynv\u00e4l\u00e4yksi\u00e4 etk\u00e4 joudu ep\u00e4selviin tilanteisiin. Teht\u00e4v\u00e4 on helppo. Sinulla on hakku ja lupa kaivaa. Mieli tekee kaivaa aina vain syvemm\u00e4lle ja etsi\u00e4 viel\u00e4 mahtavampia aarteita.<\/p>\n<p>Rikkaudet odottavat.<\/p>\n","protected":false},"excerpt":{"rendered":"<p>J\u00e4nnitt\u00e4v\u00e4 minipeli, jossa lunastaessasi arvan ohjaat leppoista, mutta eritt\u00e4in ahkeraa yst\u00e4v\u00e4\u00e4 nimelt\u00e4 Alejandro. Alejandro on oikea velho hakun kanssa ja kykenee kaivamaan v\u00e4sym\u00e4tt\u00e4 l\u00e4pi vaikka harmaan kiven. Teht\u00e4v\u00e4si on kaivaa esiin 3 aarrearkkua valitsemaltasi kaivaukselta. Kartalta l\u00f6ytyy viisi eri valtausta, joilla voit kaivauksia suorittaa. Villeimm\u00e4t huhut kertovat, ett\u00e4 kaivaukset saattaisivat sijaita legendaarisen Eldoradon kultaisen kaupungin [&hellip;]<\/p>\n","protected":false},"author":1,"featured_media":0,"parent":0,"menu_order":1,"comment_status":"closed","ping_status":"closed","template":"template-fullwidth.php","meta":{"footnotes":""},"class_list":["post-10","page","type-page","status-publish","hentry"],"_links":{"self":[{"href":"https:\/\/alejandro.nautti.fi\/index.php\/wp-json\/wp\/v2\/pages\/10","targetHints":{"allow":["GET"]}}],"collection":[{"href":"https:\/\/alejandro.nautti.fi\/index.php\/wp-json\/wp\/v2\/pages"}],"about":[{"href":"https:\/\/alejandro.nautti.fi\/index.php\/wp-json\/wp\/v2\/types\/page"}],"author":[{"embeddable":true,"href":"https:\/\/alejandro.nautti.fi\/index.php\/wp-json\/wp\/v2\/users\/1"}],"replies":[{"embeddable":true,"href":"https:\/\/alejandro.nautti.fi\/index.php\/wp-json\/wp\/v2\/comments?post=10"}],"version-history":[{"count":3,"href":"https:\/\/alejandro.nautti.fi\/index.php\/wp-json\/wp\/v2\/pages\/10\/revisions"}],"predecessor-version":[{"id":57,"href":"https:\/\/alejandro.nautti.fi\/index.php\/wp-json\/wp\/v2\/pages\/10\/revisions\/57"}],"wp:attachment":[{"href":"https:\/\/alejandro.nautti.fi\/index.php\/wp-json\/wp\/v2\/media?parent=10"}],"curies":[{"name":"wp","href":"https:\/\/api.w.org\/{rel}","templated":true}]}}